*2 + 17*q + 15. Let h be w(-18). Calculate the greatest common factor of a and h.
17
Suppose i - 2911 = -2*q, 184*q = 187*q + 4*i - 4359. Calculate the highest common factor of 376 and q.
47
Let s(m) = 17*m. Let o be s(2). Let u be o/4*(7 + (27 - 4)). Calculate the highest common factor of u and 15.
15
Let g(x) = -x**3 - 7*x**2 - 10*x - 2. Let i be g(-6). Let w = i - -4. Suppose 4*q = 3*q + 13. Calculate the highest common divisor of w and q.
13
Suppose -2*a - 100 = -r, 4*a + 372 = -5*r + 900. Let x = 159 - 151. What is the highest common factor of r and x?
8
Let x = -18789 - -18795. Suppose 0 = 8*h - 3*h - 3*a - 318, -h + 4*a = -50. What is the highest common factor of h and x?
6
Suppose l - 628 = 2*r + 4, -r = -5*l + 307. Let u = -309 - r. Calculate the greatest common divisor of u and 8.
8
Suppose 42*k = 86*k - 704. Suppose -5 = 11*g - 16. Calculate the greatest common factor of g and k.
1
Suppose -n = 2*y - 55, 0*n = -y - 4*n + 31. Let x = y - -1. Let j(r) = 20*r - 88. Let a be j(17). What is the greatest common divisor of a and x?
28
Let p be ((-1)/(-4))/(-1*(-3)/24). Let k be 12/8 + (-27)/p. Let c = 8 - k. Calculate the greatest common factor of c and 60.
20
Suppose 7*f + 22 = 176. Suppose 10*a - 18 - f = 0. Suppose 11*p - 462 = a*p. Calculate the highest common factor of p and 6.
6
Suppose -13*m + 7199 = -28226. What is the greatest common divisor of m and 25?
25
Let d = -28 - -28. Suppose d = w + w + p + 16, -2*w - 16 = -4*p. Let x be (-45)/(-12) + (-2)/w. Calculate the highest common divisor of 32 and x.
4
Let k = -68 - -70. Suppose 4*l = -2*x + 8*l + k, 0 = 4*x - 2*l - 10. Suppose 6*h = x*h + 144. Calculate the greatest common factor of h and 36.
12
Suppose -3 = d + 3*z, -5*z + z - 36 = 4*d. Let q be d/20 - (-172)/20. Calculate the highest common factor of q and 24.
8
Let u(t) = -t**3 - 27*t**2 - 169*t - 98. Let y be u(-8). Calculate the highest common factor of 2299 and y.
19
Let b = 11476 - 11320. Calculate the highest common divisor of 172 and b.
4
Let h = -147 - -263. Let r = h + -21. Suppose 3*d + r = 8*d - s, 4*s = -2*d + 16. What is the highest common divisor of d and 234?
18
Let m(r) = -r**2 - 20*r - 7. Let k be m(-19). Suppose 1984 = -k*q + 44*q. Calculate the greatest common divisor of q and 434.
62
Let x = -2888 - -8180. Calculate the greatest common divisor of x and 56.
28
Suppose 0 = 2*w - 3*s - 60, -6*w = -2*w - 3*s - 126. Let k be w + ((-2)/(-6))/((-4)/36). Let f = 0 + 10. Calculate the greatest common factor of k and f.
10
Let k = 7 + -106. Let j = k - -103. Calculate the greatest common divisor of 24 and j.
4
Suppose 1 = m - 17. Suppose a + 3 = 12. Let q be 106/a + (-7)/((-126)/4). What is the highest common divisor of q and m?
6
Let c = -9 - -14. Let w = 1404 + -1299. Suppose 2*h - w = c*k, 2*k - 75 = -h - 3*k. Calculate the highest common divisor of h and 15.
15
Let a be 33/(-7 + 228/30). Calculate the highest common factor of a and 198.
11
Let l(j) = 5*j**2 - 35*j + 13. Let r be l(6). Let n = r + 23. What is the greatest common divisor of n and 66?
6
Let h = 229 + -212. Suppose 3*z = h + 49. Calculate the highest common factor of z and 99.
11
Suppose -13 = 3*c - 6*c - 4*l, -5*l - 25 = 0. Let f = 7234 - 7179. Calculate the greatest common factor of c and f.
11
Let s = 390 - 350. Suppose -5*v + 25 = s, 3*v + 165 = 2*m. What is the greatest common factor of m and 6?
6
Suppose 313 + 723 = 4*c. Suppose -22*x + 71 + c = 0. Let q = 452 + -317. What is the greatest common factor of x and q?
15
Let r(o) = -2*o**2 + 78*o - 238. Let b be r(35). What is the highest common divisor of b and 87?
3
Let y be 6/15 + (-988)/(-5). Let d(f) = -f**3 + 13*f**2 + 5*f - 9. Let l be d(13). Let c be 5/(5/36)*l/112. What is the highest common factor of c and y?
18
Suppose 1792 = 6*s + 256. Suppose -s = -85*j + 81*j. Let i be ((-16)/5)/((-3)/15). Calculate the highest common factor of j and i.
16
Let a(c) = 3*c**2 + 3*c + 2. Let d be a(-3). Suppose -100620 = 17*i - 134*i. Calculate the highest common divisor of i and d.
20
Let b be (-2968)/(-24) - (-11)/33. Calculate the greatest common factor of b and 5146.
62
Suppose 0 = 4*y - 30 - 18. Let q(k) = y - 11 + 39 + 15*k - 11*k. Let p be q(-9). What is the highest common factor of p and 20?
4
Suppose 5*g - v - 131 = 16, 3*v = 4*g - 111. Suppose -5*w + 319*y = 324*y - 45, -5*w = -3*y - 69. What is the greatest common divisor of g and w?
6
Let q be 30*(2 + (-12)/9). Let x(j) = -22*j - 26. Let t = 207 + -210. Let h be x(t). Calculate the highest common factor of q and h.
20
Suppose -3*q + 2*r + 8 = 0, 0 = -4*q + 2*q - 3*r + 1. Let u(c) = 61*c**2 - 11*c + 18. Let o be u(q). What is the greatest common factor of 10 and o?
10
Let t = 27164 + -38968. Let n be (-15)/(-35) + 3 + t/(-28). Calculate the greatest common divisor of n and 17.
17
Let z(c) be the third derivative of c**5/10 - 5*c**4/8 + 17*c**3/6 - 6*c**2 + 3. Let m be z(6). Calculate the greatest common divisor of m and 26.
13
Suppose -320 + 4856 = 3*s. Suppose -19*q + s = -7*q. Suppose 6*z - q = 36. Calculate the highest common divisor of z and 45.
9
Let v be (6/10)/((-2)/10) - -7. Let q be (((-234)/12)/(-13))/(2/v). Suppose 3*w = 15, -w + 137 = q*u + u. What is the highest common factor of u and 11?
11
Suppose -55736 = -3*t + 5*s, 3*t - 114*s = -119*s + 55666. What is the highest common factor of 9 and t?
9
Suppose -480*k + 8 = -476*k. Let d be ((1 - 1)/(-6))/k - -45. Calculate the highest common factor of 45 and d.
45
Let y = -11040 - -13315. What is the highest common divisor of 39 and y?
13
Let u = -76 + 78. Suppose 5*c + 121 + 134 = 0. Let d = -29 - c. Calculate the highest common factor of d and u.
2
Suppose 5*z = 2*z + 6. Let d(i) be the second derivative of i**3/3 + 3*i**2 - 3*i - 27. Let q be d(6). What is the highest common factor of z and q?
2
Suppose 2*c = -0*o - 4*o + 56, -3*c + 119 = -o. Let n = -45722 + 45855. Calculate the greatest common divisor of c and n.
19
Suppose 29 = 4*m - 27. Suppose 4*r - m*r = 60. Let z be ((-15)/r)/(((-3)/18)/(-1)). Calculate the greatest common divisor of 120 and z.
15
Let g be ((-1)/3)/(21/(-882)). Let v be (-166)/581 + (-2986)/g*-1. What is the greatest common factor of v and 3?
3
Let g(d) = 3038*d**3 + 17*d - 15. Let c be g(1). Calculate the greatest common factor of c and 160.
160
Let t be (-5)/(-20) - ((-8)/(-2) - 187821/12). What is the greatest common factor of 163 and t?
163
Let h be (5/(50/12))/(6/(-760)). Let z = 233 + h. Calculate the highest common factor of 27 and z.
27
Let g be (-5 - -2)/(2*4/(-8)). Suppose g*j = 21*u - 18*u - 27, -2*u = 4*j - 24. Calculate the highest common factor of u and 170.
10
Suppose 5*g - 38*g + 1056 = 0. Suppose -q + g = 2. Let w = 30 - -60. Calculate the greatest common divisor of q and w.
30
Let i(y) = -y**2 + 80*y + 885. Let m be i(87). What is the greatest common divisor of m and 324?
12
Suppose 3*p + a = 692, 5*p + 21*a = 18*a + 1156. Calculate the greatest common divisor of p and 30.
10
Let s be (4/14 - (-205)/(-105)) + 572/3. Calculate the greatest common divisor of 119 and s.
7
Let f be ((-3)/(-9))/(2/66). Suppose 4*g + 5*a - 29 = f, 0 = -2*g + 2*a + 2. Let y(w) = w + 2. Let u be y(-1). What is the highest common divisor of g and u?
1
Suppose -w - 4*v = -196, 0 = -8*w + 4*w - 4*v + 724. Calculate the highest common divisor of 32 and w.
16
Suppose 5*l = 5*p - 27395, -2683 = -4*p - 5*l + 19188. Calculate the highest common factor of 161 and p.
161
Let j be 0 + (-1)/(-1) - (-17 - -18). Let q(l) = l + j - 5*l + 3*l + 14. Let v be q(-13). Calculate the greatest common divisor of v and 297.
27
Suppose -63*m + 6*w + 882 = -60*m + w, 0 = 3*w. Calculate the highest common divisor of 105 and m.
21
Let d = 5941 + 19836. Calculate the greatest common factor of d and 149.
149
Let b be (108 + 1)*1 - -1. Suppose 2*v = -3*v + b. Let j = v - 18. What is the highest common divisor of j and 36?
4
Let f(c) = 4*c**2 + 16*c - 35. Let d be f(-6). Let b(m) = m**2 - m - 7. Let l be b(9). What is the highest common divisor of d and l?
13
Let q be (-1408)/88 + 54 + 4. Calculate the greatest common divisor of q and 23793.
21
Let u(y) be the first derivative of y**4/4 + 16*y**3/3 - 17*y**2/2 + 26*y + 37. Let p be u(-17). Calculate the highest common factor of p and 4.
2
Let m